What is the remainder when b is divided by 4?
2
Suppose -4*w + r = -124, 5*w + 3*r - 176 = -r. Suppose -w = 4*l - 0*l. Let y = 15 + l. What is the remainder when 19 is divided by y?
5
Let g be 1/(1/2) - 2. Calculate the remainder when 4 - g/3 - -3 is divided by 4.
3
Let q(m) = -m**3 + 2*m**2 - 2*m + 1. Let j be q(1). Suppose -2*t = -3*t + 5*o + 12, 3*t - o - 36 = j. Calculate the remainder when 45 is divided by t.
9
Let w(d) = d**3 - d**2 - 2*d + 4. Let z be w(3). Suppose z = 2*m - 34. Suppose 0 = -2*t + 67 - m. Calculate the remainder when t is divided by 11.
10
Let c(d) = -9*d**2 - d + 1. Let k be c(1). Let y(w) = w**3 + 8*w**2 - 10*w + 13. Calculate the remainder when 64 is divided by y(k).
20
Suppose 2*b + b = 6. Let g(y) = 2*y + y + y**3 + 5*y**2 + y + 3. What is the remainder when g(-4) is divided by b?
1
Suppose -46 = 5*f - 141. Suppose 3*t + 31 - 142 = 0. What is the remainder when t is divided by f?
18
Suppose 2*l + 50 = 7*l. Calculate the remainder when 87 is divided by l.
7
Suppose -29 = 5*q - 174. Suppose -15 - 1 = 4*t + a, -2*t + 5*a - 8 = 0. Calculate the remainder when q is divided by t/10 - (-77)/5.
14
Calculate the remainder when 36 is divided by (10 - 0) + (2 + -2 - 0).
6
Calculate the remainder when (-93 - 4)*-2*2/4 is divided by 25.
22
Suppose -4*o = o - 70. Let g(c) = 4*c**2 + c + 1. Let f be 3/(-15) - 16/(-5). What is the remainder when g(f) is divided by o?
12
Suppose -11 = -3*q - 5*i, q + 0*q - 2*i - 22 = 0. Calculate the remainder when 46 is divided by q.
10
Let a(o) = -9*o + 1. Let u(r) = -4*r - 28. Calculate the remainder when a(-5) is divided by u(-11).
14
Let m(l) = -l**2 - l + 2. Let y be m(-3). Let u be (18/(-2) - 2)*y. Suppose -4*v = -40 - u. What is the remainder when 62 is divided by v?
20
Suppose 5*n = 1 + 19. Suppose 0*t + n*t + p = 120, -t = -2*p - 39. Suppose j = 2*l - t, 2*l = 6*l + 4*j - 68. Calculate the remainder when 30 is divided by l.
14
Let g(z) = -z**3 - 3*z**2 + 10*z + 6. Calculate the remainder when 9 is divided by g(-5).
3
Suppose 0 = 17*l - 21*l + 32. Calculate the remainder when 15 is divided by l.
7
Let v = 12 + -3. Let c(m) = m**3 + m**2 - 3*m - 3. Let y be c(-2). What is the remainder when (-79)/(-3) + y/3 is divided by v?
8
Let s(i) = -31*i**3 + i**2 - i - 1. What is the remainder when s(-1) is divided by 18?
14
Suppose 5*y - 147 - 98 = -5*f, -f - 5*y = -45. Suppose -6*c = -c - f. Calculate the remainder when 39 is divided by c.
9
Let c be (2 - 0)/(2/(-4)). Let h(y) = -8*y - 2. Let r be h(c). Let n = -6 + r. What is the remainder when n is divided by 13?
11
What is the remainder when 82 is divided by (-69 - -6)*2/(-3)?
40
Suppose 3*m + 3*j + 6 = 0, 5*j + 1 = -m + 5*m. Let h = 36 + m. Calculate the remainder when h is divided by 12.
11
Suppose 4*a + 0*a - 120 = 0. What is the remainder when 87 is divided by a?
27
Suppose 4*l + 15 + 22 = -3*d, d + 27 = -5*l. Let o = d - -3. What is the remainder when (-12)/(-15)*(-10)/o is divided by 1?
0
Let s(t) = 2*t - 3. Let l be s(4). Suppose 0 = -0*o + l*o. Suppose 4 = 4*q, o + 13 = p - q. What is the remainder when 55 is divided by p?
13
What is the remainder when 71 is divided by -95*10/(-25)*(-1)/(-2)?
14
Let o(c) be the first derivative of -11*c**2/2 + 1. Suppose 12*t - 3*t - 27 = 0. What is the remainder when o(-1) is divided by t?
2
Suppose -5*p - 30 = -3*z, 2*p = 2*z + p - 27. Let c = 75 + -16. What is the remainder when c is divided by z?
14
Let y(q) = 2*q - 1. Let t(r) = -r**3 - 8*r**2 + 8*r - 4. Let s be t(-9). What is the remainder when 24 is divided by y(s)?
6
Let g(m) = 2*m**2 + 24*m - 15. Calculate the remainder when 31 is divided by g(-13).
9
Suppose 0 = -2*t - 2 + 22. Suppose 8*l + 3*f = 3*l + 88, l = -2*f + 19. What is the remainder when l is divided by t?
7
Let a(i) = 2*i**2 - i - 2. Let f = 246 - 170. Calculate the remainder when f is divided by a(4).
24
Calculate the remainder when 532/6*36/14 is divided by 23.
21
Let a be ((-2)/(-4))/(6/12). Calculate the remainder when 15 is divided by (13 + -5)/(0 + a).
7
Suppose -b = -5*b + 2*q - 50, -5*b - 4*q - 43 = 0. Let s = 5 - b. Calculate the remainder when 46 is divided by s.
14
Suppose -3*i + 6*k - 6 = 3*k, 4*i = 5*k - 10. Calculate the remainder when 23 is divided by -13*(-1 + i/2).
10
Suppose -5*t - 88 = -2*m, -5*m + m + 150 = 3*t. Calculate the remainder when m is divided by 10.
9
Let q = -20 - -12. Let a be ((-6)/(-10))/(q/(-40)). Suppose -2*w = -t + 3, -a = 2*w - 13. What is the remainder when 37 is divided by t?
11
Suppose -3 + 5 = 2*o. Suppose 3*t - o = w, 0 = -5*w - 0*t + 3*t + 43. What is the remainder when w is divided by 7?
4
Let u be 0 - 0 - 12/(-6). Suppose 0 = k - 0*k - u. Suppose k*c = o - 6, c + 10 = 3*o - c. Calculate the remainder when 3 is divided by o.
1
Suppose -3*s + 2*t = -148, 3*t - 169 = -3*s - 31. Let m(a) = a + 25. Calculate the remainder when s is divided by m(0).
23
Let m(d) = d**3 - d**2 + 32. What is the remainder when m(0) is divided by 12?
8
Suppose -6 + 21 = -3*x. Let r be ((-3)/x)/(2/10). Suppose 88 = r*k - k. What is the remainder when k is divided by 15?
14
Suppose -5*y - 280 = -9*y. What is the remainder when y is divided by 18?
16
Suppose 2*q - 5*f - 88 = -3*f, q + 3*f - 56 = 0. Calculate the remainder when q is divided by 24.
23
Suppose 33 - 3 = 3*l. Let y(t) = t**2 + 8. Let p be y(-7). What is the remainder when 1/(2 - p/29) is divided by l?
9
Let k = -14 - -23. Let z = k + -5. Calculate the remainder when 11 is divided by z.
3
Let r(l) be the third derivative of -5*l**4/24 - 5*l**3/6 + 2*l**2. Let f(x) = 5*x. Let a be f(-1). Calculate the remainder when 57 is divided by r(a).
17
Calculate the remainder when 41 is divided by (-392)/(-18) + (-16)/(-72).
19
Suppose 35 = c + 11. Calculate the remainder when c is divided by 9.
6
Suppose -h = 3*h. Suppose 3*o - 15 = -h*o. Suppose -2*w + 5*v = -6*w + 88, -o*w + 97 = 3*v. What is the remainder when 33 is divided by w?
16
Let h = -5 - -7. Suppose h*b - 23 = -101. Let g = -23 - b. What is the remainder when 46 is divided by g?
14
Suppose -4*q - 10 = -2*j, 7 - 22 = -2*j - q. What is the remainder when 11 is divided by j?
4
Let r(x) = x**2 + 3*x + 7. Let b be r(-5). Let k = b + -13. What is the remainder when k is divided by 3?
1
Let n(p) = -18*p. Let b = 13 - 18. Let k = b + 24. Calculate the remainder when n(-2) is divided by k.
17
Let l(k) = -k**3 + 2*k. Let m be l(-2). What is the remainder when (14/8)/(1/m) is divided by 4?
3
Let m = -15 - -18. Suppose 4*z = 9 + m. What is the remainder when 8 is divided by z?
2
Let z(c) = -2*c**3 - 2*c**2 + 4*c + 3. Let d be -1 + 2 + 9 + -2. Suppose 3*w = d*w - 70. What is the remainder when z(-3) is divided by w?
13
Suppose o + 6 - 21 = 0. What is the remainder when 58 is divided by o?
13
Let n = -25 - -33. Calculate the remainder when 13 is divided by n.
5
Let z(h) = -26*h - 11. What is the remainder when z(-5) is divided by 30?
29
Let c(y) = y + 12. Let o be c(-9). Suppose 4*s = -o*a + 35, 0 = 3*s - 5*a + a - 45. What is the remainder when (-4)/(-22) - (-898)/22 is divided by s?
8
Suppose -94*n + 99*n = 100. Calculate the remainder when 45 is divided by n.
5
Let t = 44 - -2. Calculate the remainder when t is divided by 24.
22
Suppose -5*l - 31 = -p - 1, 3*p - 54 = 3*l. What is the remainder when 57 is divided by p?
12
Suppose -3*t + 5 = -7. Suppose t*r + 320 = -r. Let s = r - -98. Calculate the remainder when s is divided by 12.
10
Suppose 2*v - 8 = -4*x - x, -3*x = -5*v + 20. Let m = 3 + x. Calculate the remainder when m is divided by 1.
0
Suppose -2*k - 2*k + 3 = o, 5*k - o - 15 = 0. Suppose 4*d = -r + 54, r - 6*r = k*d - 36. What is the remainder when d is divided by 8?
5
Suppose 0*x = -2*x + 2*c - 24, -20 = -4*c. Let m = -5 - x. Let q = -130 + 132. What is the remainder when m is divided by q?
0
What is the remainder when 55 is divided by 196/(-14)*(-1 + 0)?
13
Let p(c) = c**3 + 4*c**2 + 4*c + 3. Let u = 1 + -3. Let h be p(u). Calculate the remainder when 29 is divided by 15*-4*h/(-18).
9
Let a = -54 + 68. Let h = 1 - -4. Calculate the remainder when a is divided by h.
4
Let i = 63 + -49. Calculate the remainder when (-476)/(-12) - 2/(-6) is divided by i.
12
Let j = 23 - 19. Calculate the remainder when 10 is divided by j.
2
Suppose -5*m + 3*d = -8*m + 78